rue
Is 41225765 a multiple of 1795?
True
Is 324611223 a multiple of 2?
False
Is 517 a factor of 17259011?
True
Is 3388581242 a multiple of 13307?
False
Does 25 divide 391239575?
True
Does 167 divide 179799715?
True
Is 3 a factor of 14302207?
False
Does 67 divide 155234253?
False
Does 6 divide 178896887?
False
Does 120 divide 1445671158?
False
Is 178557924 a multiple of 92?
True
Does 684 divide 52430855?
False
Does 282 divide 7482588?
True
Is 14213538 a multiple of 31?
False
Does 141 divide 3217012290?
True
Does 110 divide 607820271?
False
Is 1658 a factor of 83770450?
True
Does 40 divide 295495294?
False
Is 5070306 a multiple of 3?
True
Is 116 a factor of 207841260?
True
Is 580 a factor of 66129280?
True
Does 103 divide 391472160?
False
Is 136 a factor of 753798224?
True
Does 34 divide 178411013?
False
Is 273747200 a multiple of 100?
True
Is 21 a factor of 1848745605?
True
Is 20 a factor of 975551820?
True
Is 661 a factor of 945904220?
True
Is 72 a factor of 118492241?
False
Does 26 divide 11272820?
True
Does 163 divide 49575472?
True
Is 3990 a factor of 1238338623?
False
Is 1490 a factor of 15421500?
True
Does 7 divide 3978099?
False
Is 309 a factor of 3710781?
True
Is 52226171 a multiple of 88?
False
Does 27 divide 3655276?
False
Does 30 divide 34636414?
False
Does 80 divide 30702080?
True
Is 98 a factor of 1601968564?
True
Is 643749003 a multiple of 9?
True
Does 80 divide 47318992?
False
Is 813909427 a multiple of 3350?
False
Does 154 divide 1273426?
True
Is 24 a factor of 51041688?
True
Is 12 a factor of 87384691?
False
Does 243 divide 109208701?
False
Is 96289799 a multiple of 107?
False
Is 68498848 a multiple of 5?
False
Does 579 divide 15089239?
False
Is 26816285 a multiple of 457?
False
Is 59 a factor of 535312275?
False
Does 22 divide 75716806?
True
Is 5058673 a multiple of 38?
False
Is 9962710 a multiple of 3?
False
Does 1216 divide 725526400?
True
Is 1548959624 a multiple of 230?
False
Is 25 a factor of 2477800?
True
Is 96586182 a multiple of 1134?
True
Is 638607561 a multiple of 17?
False
Does 1293 divide 2043636927?
True
Does 559 divide 360234134?
True
Is 2439838384 a multiple of 14?
False
Is 3796 a factor of 696495461?
False
Is 5 a factor of 50619769?
False
Is 100 a factor of 83641800?
True
Is 825 a factor of 1468077?
False
Is 11379222 a multiple of 443?
False
Does 398 divide 17567851?
False
Is 7 a factor of 192285303?
True
Does 82 divide 2570885730?
True
Is 84502908 a multiple of 2037?
True
Does 7 divide 72342104?
False
Is 400967852 a multiple of 362?
True
Is 16 a factor of 25219251?
False
Does 138 divide 355998048?
True
Does 4111 divide 485607174?
False
Does 14 divide 11351844?
True
Does 117 divide 595975507?
False
Is 46282077 a multiple of 27?
True
Is 6 a factor of 14567850?
True
Is 9 a factor of 6027163?
False
Does 3216 divide 84172368?
True
Is 22550535 a multiple of 49?
True
Is 239 a factor of 12416289?
True
Does 13 divide 1729272969?
False
Is 50484878 even?
True
Is 2871 a factor of 108767835?
True
Is 18451691 even?
False
Is 1101 a factor of 39195600?
True
Is 45 a factor of 62372473?
False
Is 6238739 a multiple of 21?
False
Does 14 divide 169788906?
True
Is 630579967 a multiple of 83?
True
Is 3625 a factor of 446697875?
True
Is 87126957 a multiple of 93?
True
Is 274 a factor of 695239461?
False
Does 8242 divide 669613259?
False
Does 464 divide 68440015?
False
Is 43215162 a multiple of 8?
False
Does 2793 divide 487126783?
False
Is 28 a factor of 287565595?
False
Does 55 divide 161136377?
False
Is 20090328 a multiple of 82?
True
Is 290 a factor of 60538175?
False
Is 23010500 a multiple of 160?
False
Is 2204 a factor of 315700960?
True
Does 5300 divide 884489221?
False
Does 13 divide 30293510?
True
Does 7 divide 385752465?
True
Is 21529945 a multiple of 19?
True
Is 121050740 a multiple of 142?
True
Does 252 divide 90660276?
True
Is 36477448 a multiple of 7?
True
Does 814 divide 341084979?
False
Is 220 a factor of 906388176?
False
Is 4 a factor of 140157048?
True
Is 1359 a factor of 480155085?
True
Is 1420723050 a multiple of 4980?
False
Does 1155 divide 229685060?
False
Is 257 a factor of 218289360?
False
Is 11 a factor of 114729700?
False
Does 761 divide 304892367?
True
Is 5 a factor of 582345?
True
Does 1996 divide 4596460656?
True
Is 490195255 a multiple of 2253?
False
Does 466 divide 29350274?
False
Does 29 divide 384585263?
False
Is 137117402 a multiple of 961?
True
Is 10663011 a multiple of 129?
True
Is 3 a factor of 85363605?
True
Is 5159756 a multiple of 254?
True
Is 34340072 a multiple of 18?
False
Is 45241481 a multiple of 311?
True
Is 386201681 a multiple of 2613?
False
Is 38 a factor of 148795205?
False
Is 96360927 a multiple of 2?
False
Is 29 a factor of 1030442276?
False
Is 615 a factor of 115346325?
True
Does 139 divide 335548224?
True
Is 3 a factor of 9180653?
False
Is 2498 a factor of 84127644?
True
Is 102 a factor of 287882964?
True
Is 329216531 a multiple of 721?
True
Does 136 divide 301195800?
True
Does 465 divide 486098445?
True
Does 12 divide 282128446?
False
Does 1306 divide 22288856?
False
Is 17078760 a multiple of 24?
True
Does 91 divide 146542305?
True
Does 60 divide 25482000?
True
Is 77116990 a multiple of 89?
False
Does 2272 divide 58725281?
False
Does 135 divide 2813629131?
False
Is 697 a factor of 69489169?
False
Does 38 divide 1759436185?
False
Is 28704576 a multiple of 12?
True
Is 1179 a factor of 919950120?
True
Does 45 divide 65069138?
False
Does 110 divide 1590795690?
True
Is 1385129543 a multiple of 1409?
False
Is 18686125 a multiple of 682?
False
Does 34 divide 96137516?
True
Does 311 divide 127826674?
False
Does 7 divide 26003332?
False
Is 12 a factor of 1400651196?
True
Does 327 divide 7286254?
False
Is 6175386 a multiple of 63?
True
Is 1162 a factor of 2261815570?
True
Is 471298230 a multiple of 702?
True
Does 154 divide 1905237950?
True
Does 638 divide 83000008?
False
Is 20 a factor of 33202538?
False
Is 5 a factor of 560805?
True
Does 13 divide 62460363?
False
Does 4961 divide 299976102?
False
Does 112 divide 29617840?
True
Is 77371584 a multiple of 813?
True
Is 105269810 a multiple of 2?
True
Is 179 a factor of 624173?
True
Does 21 divide 1871555455?
False
Is 14 a factor of 121818676?
True
Does 31 divide 2440874457?
False
Is 785 a factor of 1768316937?
False
Is 11727358 a multiple of 79?
False
Is 1265215395 a multiple of 5?
True
Does 404 divide 137461000?
True
Is 2004 a factor of 44631687?
False
Does 13 divide 7199871295?
False
Is 9 a factor of 97046199?
True
Does 85 divide 884404243?
False
Is 616 a factor of 40170592?
True
Is 797864595 even?
False
Is 257442233 a multiple of 101?
True
Is 22 a factor of 220247811?
False
Is 69020856 a multiple of 8?
True
Is 3858868063 a multiple of 541?
True
Is 13 a factor of 16373708?
True
Is 1366775808 a multiple of 1713?
False
Is 20367824 a multiple of 16?
True
Does 33 divide 849915396?
True
Is 355488280 a multiple of 70?
True
Is 31 a factor of 7759408?
False
Does 8 divide 11753560?
True
Does 4511 divide 216577621?
True
Is 945780 a multiple of 15?
True
Does 81 divide 4791231141?
False
Does 458 divide 1659334?
True
Is 6327 a factor of 6851121748?
False
Is 788513580 a multiple of 5562?
False
Is 16 a factor of 19064846?
False
Is 45 a factor of 79641814?
False
Is 3837578692 a multiple of 11?
False
Is 329212133 a multiple of 64?
False
Is 94 a factor of 21274085?
False
Is 315889727 a multiple of 46?
False
Is 3666432 a multiple of 224?
True
Does 1271 divide 136387197?
True
Is 186 a factor of 83857356?
True
Is 132428688 a multiple of 14?
True
Is 224046460 a multiple of 1595?
True
Is 2032 a factor of 3830652268?
False
Is 38 a factor of 3758390?
True
Is 153823086 a multiple of 2300?
False
Is 30567515 a multiple of 647?
True
Is 314333889 a multiple of 394?
False
Is 397 a factor of 264671166?
True
Is 508 a factor of 98395668?
False
Is 75344610 a multiple of 110?
True
Is 95 a factor of 810402725?
True
Does 8 divide 186704944?
True
Is 82332627 a multiple of 219?
False
Does 14 divide 115208242?
False
Is 339498060 a multiple of 1455?
True
Does 42 divide 30983610?
True
Is 228 a factor of 356940617?
False
Is 752451348 a multiple of 11?
True
Is 28295696 a multiple of 913?
True
Is 161057231 a multiple of 660?
False
Does 2876 divide 227157984?
True
Does 2127 divide 2